ctors of 580670217?
3, 2011, 32083
What are the prime factors of 268062109?
7, 29, 67, 19709
List the prime factors of 1148483669.
73, 239, 65827
List the prime factors of 729677640.
2, 3, 5, 1109, 5483
What are the prime factors of 2421895594?
2, 1210947797
List the prime factors of 752202461.
752202461
What are the prime factors of 31043743?
53, 83, 7057
List the prime factors of 237088350.
2, 3, 5, 175621
List the prime factors of 2386660264.
2, 2161, 138053
List the prime factors of 49950469.
73, 617, 1109
What are the prime factors of 1578570?
2, 3, 5, 7, 7517
List the prime factors of 962281455.
3, 5, 1429, 44893
What are the prime factors of 165081631?
11, 13, 104947
What are the prime factors of 1057236580?
2, 5, 53, 769, 1297
List the prime factors of 720701070.
2, 3, 5, 43, 558683
List the prime factors of 2169959627.
11, 197269057
What are the prime factors of 424701569?
424701569
What are the prime factors of 4490778?
2, 3, 748463
List the prime factors of 276164039.
276164039
List the prime factors of 2564464522.
2, 31, 61, 491, 1381
What are the prime factors of 688385472?
2, 3, 401, 8941
What are the prime factors of 1977964692?
2, 3, 11, 14984581
What are the prime factors of 168182543?
2879, 58417
List the prime factors of 171952495.
5, 11, 13, 21863
What are the prime factors of 13687629?
3, 4562543
What are the prime factors of 10890525?
3, 5, 145207
What are the prime factors of 2646552503?
7, 17, 19, 1170523
What are the prime factors of 1732580404?
2, 1259, 344039
What are the prime factors of 352511341?
7, 13, 109, 5077
List the prime factors of 83457106.
2, 41728553
What are the prime factors of 69156041?
69156041
What are the prime factors of 757974983?
257, 2949319
What are the prime factors of 2407188280?
2, 5, 7, 19, 23, 103, 191
What are the prime factors of 746548302?
2, 3, 17, 131, 55871
List the prime factors of 17063533.
179, 95327
What are the prime factors of 17014497?
3, 5671499
List the prime factors of 56149252.
2, 14037313
List the prime factors of 75717563.
1297, 58379
What are the prime factors of 54121000?
2, 5, 54121
What are the prime factors of 136096048?
2, 11, 773273
What are the prime factors of 3746715272?
2, 17, 23, 1197799
What are the prime factors of 389203524?
2, 3, 19, 569011
List the prime factors of 10066449.
3, 53, 63311
List the prime factors of 4454016796.
2, 17, 41, 1597567
List the prime factors of 161654552.
2, 20206819
List the prime factors of 66354547.
7, 43, 220447
What are the prime factors of 192905775?
3, 5, 659, 1301
What are the prime factors of 44933835?
3, 5, 23, 139, 937
What are the prime factors of 2550420441?
3, 1433, 197753
What are the prime factors of 4286858?
2, 199, 10771
List the prime factors of 39516447.
3, 19, 761, 911
List the prime factors of 5076718012.
2, 59, 21511517
What are the prime factors of 243699126?
2, 3, 11, 3692411
What are the prime factors of 139481166?
2, 3, 11, 19, 111229
List the prime factors of 72461564.
2, 7, 2587913
What are the prime factors of 138507809?
11, 1987, 6337
List the prime factors of 3021451542.
2, 3, 523, 320953
List the prime factors of 80391496.
2, 547, 18371
List the prime factors of 52794234.
2, 3, 977671
What are the prime factors of 85382509?
23, 3712283
What are the prime factors of 29522406?
2, 3, 29, 383, 443
List the prime factors of 1438382612.
2, 19, 101, 187387
List the prime factors of 41774637.
3, 103, 135193
List the prime factors of 31150859.
31150859
What are the prime factors of 801964148?
2, 197, 1017721
What are the prime factors of 31718140?
2, 5, 421, 3767
What are the prime factors of 2270017844?
2, 23, 47, 524981
What are the prime factors of 4672044936?
2, 3, 13, 157, 31793
What are the prime factors of 73594909?
709, 103801
What are the prime factors of 54424349?
7, 269, 4129
List the prime factors of 72111746.
2, 7, 5150839
List the prime factors of 71642080.
2, 5, 17, 26339
What are the prime factors of 896106332?
2, 11, 41, 496733
What are the prime factors of 3937152047?
293, 13437379
What are the prime factors of 7877614224?
2, 3, 17, 9653939
List the prime factors of 370321635.
3, 5, 41, 251, 2399
What are the prime factors of 4067883453?
3, 1355961151
What are the prime factors of 1404493611?
3, 113, 4143049
List the prime factors of 428043192.
2, 3, 2039, 8747
List the prime factors of 48217294.
2, 149, 239, 677
What are the prime factors of 868901877?
3, 32181551
List the prime factors of 71794666.
2, 35897333
List the prime factors of 61136123.
31, 1972133
List the prime factors of 45937627.
1409, 32603
List the prime factors of 2557530.
2, 3, 5, 157, 181
What are the prime factors of 31355053?
137, 228869
List the prime factors of 1991713691.
11, 359, 504359
List the prime factors of 3826021.
89, 42989
What are the prime factors of 133551972?
2, 3, 347, 10691
List the prime factors of 4790809484.
2, 13691, 87481
List the prime factors of 1843550437.
1399, 1317763
What are the prime factors of 946793178?
2, 3, 43, 59, 6911
List the prime factors of 2990400390.
2, 3, 5, 97, 227, 503
What are the prime factors of 7201775538?
2, 3, 127, 479, 6577
What are the prime factors of 1209817023?
3, 403272341
List the prime factors of 44176623.
3, 14725541
What are the prime factors of 6870182033?
11, 13, 48043231
List the prime factors of 110039580.
2, 3, 5, 7, 43, 677
What are the prime factors of 58678022?
2, 13, 2256847
What are the prime factors of 247597501?
1009, 245389
What are the prime factors of 2371647108?
2, 3, 19, 269, 38669
List the prime factors of 36081227.
7, 13, 23, 17239
What are the prime factors of 1225478937?
3, 408492979
List the prime factors of 31285340.
2, 5, 59, 26513
What are the prime factors of 8995101?
3, 97, 30911
List the prime factors of 154794391.
743, 208337
List the prime factors of 247682070.
2, 3, 5, 37, 24793
What are the prime factors of 72184786?
2, 5077, 7109
List the prime factors of 16823369.
1373, 12253
What are the prime factors of 135247788?
2, 3, 13, 288991
List the prime factors of 115587120.
2, 3, 5, 11, 43783
What are the prime factors of 4134926379?
3, 37, 47, 97, 8171
What are the prime factors of 203462771?
3719, 54709
What are the prime factors of 16228664?
2, 1187, 1709
List the prime factors of 296382361.
11, 2449441
List the prime factors of 322316917.
13, 23, 199, 5417
What are the prime factors of 1694429531?
67, 25289993
What are the prime factors of 216283743?
3, 13, 23, 73, 367
List the prime factors of 135658984.
2, 29, 584737
What are the prime factors of 457573938?
2, 3, 17, 4486019
List the prime factors of 2299700.
2, 5, 13, 29, 61
What are the prime factors of 55337783?
55337783
What are the prime factors of 62174957?
13, 23, 9041
What are the prime factors of 1999353962?
2, 47, 79, 269237
What are the prime factors of 69434214?
2, 3, 11572369
What are the prime factors of 2579787182?
2, 7, 26324359
What are the prime factors of 636286439?
31, 20525369
What are the prime factors of 271309222?
2, 17, 263, 30341
List the prime factors of 675691854.
2, 3, 37, 82261
List the prime factors of 670667906.
2, 335333953
List the prime factors of 1058756909.
7, 4789, 31583
What are the prime factors of 73419810?
2, 3, 5, 2447327
What are the prime factors of 91050473?
107, 149, 5711
List the prime factors of 46807948.
2, 11, 89, 11953
List the prime factors of 33821825.
5, 1352873
What are the prime factors of 16523793?
3, 11, 13, 37, 347
List the prime factors of 1488149839.
11, 61, 18329
List the prime factors of 239562707.
29, 109, 75787
List the prime factors of 1366918.
2, 7, 163, 599
List the prime factors of 891869388.
2, 3, 2347, 31667
List the prime factors of 605201419.
67, 9032857
List the prime factors of 166786340.
2, 5, 7, 23, 51797
What are the prime factors of 129592117?
1279, 101323
What are the prime factors of 3766115119?
13, 677, 427919
List the prime factors of 4791039069.
3, 19, 84053317
List the prime factors of 1532611973.
1532611973
List the prime factors of 1165435242.
2, 3, 89, 307, 7109
What are the prime factors of 3617818042?
2, 17, 37, 149, 19301
What are the prime factors of 96954346?
2, 59, 821647
What are the prime factors of 68423287?
179, 382253
List the prime factors of 996416.
2, 15569
What are